{"id":591,"date":"2026-01-29T01:14:15","date_gmt":"2026-01-29T00:14:15","guid":{"rendered":"https:\/\/green-jumangy.com\/?page_id=591"},"modified":"2026-01-29T08:44:50","modified_gmt":"2026-01-29T07:44:50","slug":"mentions-legales","status":"publish","type":"page","link":"https:\/\/green-jumangy.com\/index.php\/mentions-legales\/","title":{"rendered":"Mentions l\u00e9gales"},"content":{"rendered":"\t\t<div data-elementor-type=\"wp-page\" data-elementor-id=\"591\" class=\"elementor elementor-591\">\n\t\t\t\t\t\t<section class=\"elementor-section elementor-top-section elementor-element elementor-element-37dac68 elementor-section-boxed elementor-section-height-default elementor-section-height-default\" data-id=\"37dac68\" data-element_type=\"section\">\n\t\t\t\t\t\t<div class=\"elementor-container elementor-column-gap-default\">\n\t\t\t\t\t<div class=\"elementor-column elementor-col-100 elementor-top-column elementor-element elementor-element-838734a\" data-id=\"838734a\" data-element_type=\"column\">\n\t\t\t<div class=\"elementor-widget-wrap elementor-element-populated\">\n\t\t\t\t\t\t<div class=\"elementor-element elementor-element-200fb7a elementor-widget elementor-widget-heading\" data-id=\"200fb7a\" data-element_type=\"widget\" data-widget_type=\"heading.default\">\n\t\t\t\t<div class=\"elementor-widget-container\">\n\t\t\t\t\t<h1 class=\"elementor-heading-title elementor-size-default\">Mentions l\u00e9gales<\/h1>\t\t\t\t<\/div>\n\t\t\t\t<\/div>\n\t\t\t\t\t<\/div>\n\t\t<\/div>\n\t\t\t\t\t<\/div>\n\t\t<\/section>\n\t\t\t\t<section class=\"elementor-section elementor-top-section elementor-element elementor-element-5a02156 elementor-section-boxed elementor-section-height-default elementor-section-height-default\" data-id=\"5a02156\" data-element_type=\"section\">\n\t\t\t\t\t\t<div class=\"elementor-container elementor-column-gap-default\">\n\t\t\t\t\t<div class=\"elementor-column elementor-col-100 elementor-top-column elementor-element elementor-element-e03d38f\" data-id=\"e03d38f\" data-element_type=\"column\">\n\t\t\t<div class=\"elementor-widget-wrap elementor-element-populated\">\n\t\t\t\t\t\t<div class=\"elementor-element elementor-element-0ec0d3e elementor-widget elementor-widget-text-editor\" data-id=\"0ec0d3e\" data-element_type=\"widget\" data-widget_type=\"text-editor.default\">\n\t\t\t\t<div class=\"elementor-widget-container\">\n\t\t\t\t\t\t\t\t\t<p>Conform\u00e9ment aux dispositions des articles 6-III et 19 de la loi n\u00b02004-575 du 21 juin 2004 pour la confiance dans l\u2019\u00e9conomie num\u00e9rique (LCEN), il est pr\u00e9cis\u00e9 aux utilisateurs du site <strong data-start=\"395\" data-end=\"416\">green-jumangy.com<\/strong> l\u2019identit\u00e9 des diff\u00e9rents intervenants.<\/p>\t\t\t\t\t\t\t\t<\/div>\n\t\t\t\t<\/div>\n\t\t\t\t<div class=\"elementor-element elementor-element-17c4d3d elementor-widget elementor-widget-heading\" data-id=\"17c4d3d\" data-element_type=\"widget\" data-widget_type=\"heading.default\">\n\t\t\t\t<div class=\"elementor-widget-container\">\n\t\t\t\t\t<h4 class=\"elementor-heading-title elementor-size-default\">\u00c9diteur du site<\/h4>\t\t\t\t<\/div>\n\t\t\t\t<\/div>\n\t\t\t\t<div class=\"elementor-element elementor-element-1af2c25 elementor-widget elementor-widget-text-editor\" data-id=\"1af2c25\" data-element_type=\"widget\" data-widget_type=\"text-editor.default\">\n\t\t\t\t<div class=\"elementor-widget-container\">\n\t\t\t\t\t\t\t\t\t<p data-start=\"483\" data-end=\"719\"><strong data-start=\"483\" data-end=\"507\">Nom de l\u2019organisme :<\/strong> JUMANGY Formation<br data-start=\"525\" data-end=\"528\" \/><strong data-start=\"528\" data-end=\"550\">Statut juridique :<\/strong> SAS JUMANGY<br data-start=\"593\" data-end=\"596\" \/><strong data-start=\"596\" data-end=\"625\">Adresse du si\u00e8ge social :<\/strong> 302 route de l&rsquo;\u00e9glise, 38200 Serpaize<br data-start=\"644\" data-end=\"647\" \/><strong data-start=\"647\" data-end=\"662\">T\u00e9l\u00e9phone :<\/strong> 0609163370<br data-start=\"675\" data-end=\"678\" \/><strong data-start=\"678\" data-end=\"698\">Adresse e-mail :<\/strong> secretariat@green-jumangy.com<\/p><p data-start=\"721\" data-end=\"847\"><strong data-start=\"721\" data-end=\"739\">Num\u00e9ro SIRET :<\/strong> 87870762900027<br data-start=\"746\" data-end=\"749\" \/><strong data-start=\"749\" data-end=\"793\">Num\u00e9ro de d\u00e9claration d\u2019activit\u00e9 (NDA) :<\/strong> 84380955838<br data-start=\"800\" data-end=\"803\" \/><strong data-start=\"803\" data-end=\"847\">Organisme de formation certifi\u00e9 Qualiopi<\/strong><\/p><p data-start=\"849\" data-end=\"902\"><strong data-start=\"849\" data-end=\"884\">Responsable de la publication :<\/strong> Routhe Magali<\/p>\t\t\t\t\t\t\t\t<\/div>\n\t\t\t\t<\/div>\n\t\t\t\t<div class=\"elementor-element elementor-element-17d251b elementor-widget elementor-widget-heading\" data-id=\"17d251b\" data-element_type=\"widget\" data-widget_type=\"heading.default\">\n\t\t\t\t<div class=\"elementor-widget-container\">\n\t\t\t\t\t<h4 class=\"elementor-heading-title elementor-size-default\">H\u00e9bergement<\/h4>\t\t\t\t<\/div>\n\t\t\t\t<\/div>\n\t\t\t\t<div class=\"elementor-element elementor-element-fe076fa elementor-widget elementor-widget-text-editor\" data-id=\"fe076fa\" data-element_type=\"widget\" data-widget_type=\"text-editor.default\">\n\t\t\t\t<div class=\"elementor-widget-container\">\n\t\t\t\t\t\t\t\t\t<p data-start=\"925\" data-end=\"1076\">Le site est h\u00e9berg\u00e9 par :<br data-start=\"950\" data-end=\"953\" \/><strong data-start=\"953\" data-end=\"977\">Nom de l\u2019h\u00e9bergeur :<\/strong> [OVH \/ o2switch \/ autre]<br data-start=\"1002\" data-end=\"1005\" \/><strong data-start=\"1005\" data-end=\"1018\">Adresse :<\/strong> OVH Groupe SA, soci\u00e9t\u00e9 immatricul\u00e9e au RCS de Lille sous le num\u00e9ro 537 407 926 sise <b>2, rue Kellermann, 59100 Roubaix<\/b>.<\/p>\t\t\t\t\t\t\t\t<\/div>\n\t\t\t\t<\/div>\n\t\t\t\t<div class=\"elementor-element elementor-element-c7a5b72 elementor-widget elementor-widget-heading\" data-id=\"c7a5b72\" data-element_type=\"widget\" data-widget_type=\"heading.default\">\n\t\t\t\t<div class=\"elementor-widget-container\">\n\t\t\t\t\t<h4 class=\"elementor-heading-title elementor-size-default\">Propri\u00e9t\u00e9 intellectuelle<\/h4>\t\t\t\t<\/div>\n\t\t\t\t<\/div>\n\t\t\t\t<div class=\"elementor-element elementor-element-6e7c4a7 elementor-widget elementor-widget-text-editor\" data-id=\"6e7c4a7\" data-element_type=\"widget\" data-widget_type=\"text-editor.default\">\n\t\t\t\t<div class=\"elementor-widget-container\">\n\t\t\t\t\t\t\t\t\t<p data-start=\"1112\" data-end=\"1294\">L\u2019ensemble du contenu du site (textes, images, graphismes, logo, ic\u00f4nes, documents t\u00e9l\u00e9chargeables, etc.) est la propri\u00e9t\u00e9 exclusive de <strong data-start=\"1248\" data-end=\"1269\">JUMANGY Formation<\/strong>, sauf mention contraire.<\/p><p data-start=\"1296\" data-end=\"1523\">Toute reproduction, repr\u00e9sentation, modification, publication, adaptation, totale ou partielle des \u00e9l\u00e9ments du site, quel que soit le moyen ou le proc\u00e9d\u00e9 utilis\u00e9, est interdite sans l\u2019autorisation \u00e9crite pr\u00e9alable de l\u2019\u00e9diteur.<\/p>\t\t\t\t\t\t\t\t<\/div>\n\t\t\t\t<\/div>\n\t\t\t\t<div class=\"elementor-element elementor-element-ae31510 elementor-widget elementor-widget-heading\" data-id=\"ae31510\" data-element_type=\"widget\" data-widget_type=\"heading.default\">\n\t\t\t\t<div class=\"elementor-widget-container\">\n\t\t\t\t\t<h4 class=\"elementor-heading-title elementor-size-default\">Responsabilit\u00e9<\/h4>\t\t\t\t<\/div>\n\t\t\t\t<\/div>\n\t\t\t\t<div class=\"elementor-element elementor-element-d6c2089 elementor-widget elementor-widget-text-editor\" data-id=\"d6c2089\" data-element_type=\"widget\" data-widget_type=\"text-editor.default\">\n\t\t\t\t<div class=\"elementor-widget-container\">\n\t\t\t\t\t\t\t\t\t<p data-start=\"1549\" data-end=\"1772\">L\u2019\u00e9diteur s\u2019efforce de fournir sur le site des informations aussi pr\u00e9cises que possible.<br data-start=\"1637\" data-end=\"1640\" \/>Toutefois, il ne pourra \u00eatre tenu responsable des omissions, des inexactitudes ou des carences dans la mise \u00e0 jour des informations.<\/p><p data-start=\"1774\" data-end=\"1848\">L\u2019utilisateur reconna\u00eet utiliser le site sous sa responsabilit\u00e9 exclusive.<\/p>\t\t\t\t\t\t\t\t<\/div>\n\t\t\t\t<\/div>\n\t\t\t\t<div class=\"elementor-element elementor-element-4f3af3f elementor-widget elementor-widget-heading\" data-id=\"4f3af3f\" data-element_type=\"widget\" data-widget_type=\"heading.default\">\n\t\t\t\t<div class=\"elementor-widget-container\">\n\t\t\t\t\t<h4 class=\"elementor-heading-title elementor-size-default\">Donn\u00e9es personnelles<\/h4>\t\t\t\t<\/div>\n\t\t\t\t<\/div>\n\t\t\t\t<div class=\"elementor-element elementor-element-1784ab1 elementor-widget elementor-widget-text-editor\" data-id=\"1784ab1\" data-element_type=\"widget\" data-widget_type=\"text-editor.default\">\n\t\t\t\t<div class=\"elementor-widget-container\">\n\t\t\t\t\t\t\t\t\t<p data-start=\"1880\" data-end=\"2059\">Les informations recueillies via les formulaires du site sont destin\u00e9es exclusivement \u00e0 <strong data-start=\"1968\" data-end=\"1989\">JUMANGY Formation<\/strong> dans le cadre du traitement des demandes de contact ou d\u2019information.<\/p><p data-start=\"2061\" data-end=\"2279\">Conform\u00e9ment au R\u00e8glement G\u00e9n\u00e9ral sur la Protection des Donn\u00e9es (RGPD \u2013 UE 2016\/679), l\u2019utilisateur dispose d\u2019un droit d\u2019acc\u00e8s, de rectification, d\u2019opposition, de limitation et de suppression des donn\u00e9es le concernant.<\/p><p data-start=\"2281\" data-end=\"2356\">Toute demande peut \u00eatre adress\u00e9e par email \u00e0 :<\/p><p data-start=\"1880\" data-end=\"2059\">Les informations recueillies via les formulaires du site sont destin\u00e9es exclusivement \u00e0 <strong data-start=\"1968\" data-end=\"1989\">JUMANGY Formation<\/strong> dans le cadre du traitement des demandes de contact ou d\u2019information.<\/p><p data-start=\"2061\" data-end=\"2279\">Conform\u00e9ment au R\u00e8glement G\u00e9n\u00e9ral sur la Protection des Donn\u00e9es (RGPD \u2013 UE 2016\/679), l\u2019utilisateur dispose d\u2019un droit d\u2019acc\u00e8s, de rectification, d\u2019opposition, de limitation et de suppression des donn\u00e9es le concernant.<\/p><p data-start=\"2281\" data-end=\"2356\">Toute demande peut \u00eatre adress\u00e9e par email \u00e0 : secretariat@green-jumangy.com<\/p>\t\t\t\t\t\t\t\t<\/div>\n\t\t\t\t<\/div>\n\t\t\t\t<div class=\"elementor-element elementor-element-8f66e9a elementor-widget elementor-widget-heading\" data-id=\"8f66e9a\" data-element_type=\"widget\" data-widget_type=\"heading.default\">\n\t\t\t\t<div class=\"elementor-widget-container\">\n\t\t\t\t\t<h4 class=\"elementor-heading-title elementor-size-default\">Cookies<\/h4>\t\t\t\t<\/div>\n\t\t\t\t<\/div>\n\t\t\t\t<div class=\"elementor-element elementor-element-80d8886 elementor-widget elementor-widget-text-editor\" data-id=\"80d8886\" data-element_type=\"widget\" data-widget_type=\"text-editor.default\">\n\t\t\t\t<div class=\"elementor-widget-container\">\n\t\t\t\t\t\t\t\t\t<p data-start=\"2375\" data-end=\"2506\">Le site peut \u00eatre amen\u00e9 \u00e0 utiliser des cookies strictement n\u00e9cessaires \u00e0 son bon fonctionnement et \u00e0 des fins de mesure d\u2019audience.<\/p><p data-start=\"2508\" data-end=\"2636\">L\u2019utilisateur peut param\u00e9trer ses pr\u00e9f\u00e9rences en mati\u00e8re de cookies via le bandeau pr\u00e9vu \u00e0 cet effet lors de sa premi\u00e8re visite.<\/p>\t\t\t\t\t\t\t\t<\/div>\n\t\t\t\t<\/div>\n\t\t\t\t<div class=\"elementor-element elementor-element-0d0e603 elementor-widget elementor-widget-heading\" data-id=\"0d0e603\" data-element_type=\"widget\" data-widget_type=\"heading.default\">\n\t\t\t\t<div class=\"elementor-widget-container\">\n\t\t\t\t\t<h4 class=\"elementor-heading-title elementor-size-default\">Droit applicable<\/h4>\t\t\t\t<\/div>\n\t\t\t\t<\/div>\n\t\t\t\t<div class=\"elementor-element elementor-element-2e7e250 elementor-widget elementor-widget-text-editor\" data-id=\"2e7e250\" data-element_type=\"widget\" data-widget_type=\"text-editor.default\">\n\t\t\t\t<div class=\"elementor-widget-container\">\n\t\t\t\t\t\t\t\t\t<p>Le pr\u00e9sent site est soumis au droit fran\u00e7ais.<br data-start=\"2709\" data-end=\"2712\" \/>En cas de litige, et \u00e0 d\u00e9faut de r\u00e9solution amiable, les tribunaux fran\u00e7ais seront seuls comp\u00e9tents.<\/p>\t\t\t\t\t\t\t\t<\/div>\n\t\t\t\t<\/div>\n\t\t\t\t\t<\/div>\n\t\t<\/div>\n\t\t\t\t\t<\/div>\n\t\t<\/section>\n\t\t\t\t<section class=\"elementor-section elementor-top-section elementor-element elementor-element-a42db1d elementor-section-boxed elementor-section-height-default elementor-section-height-default\" data-id=\"a42db1d\" data-element_type=\"section\">\n\t\t\t\t\t\t<div class=\"elementor-container elementor-column-gap-default\">\n\t\t\t\t\t<div class=\"elementor-column elementor-col-100 elementor-top-column elementor-element elementor-element-8d19a7c\" data-id=\"8d19a7c\" data-element_type=\"column\">\n\t\t\t<div class=\"elementor-widget-wrap elementor-element-populated\">\n\t\t\t\t\t\t<div class=\"elementor-element elementor-element-cc6d733 elementor-widget elementor-widget-text-editor\" data-id=\"cc6d733\" data-element_type=\"widget\" data-widget_type=\"text-editor.default\">\n\t\t\t\t<div class=\"elementor-widget-container\">\n\t\t\t\t\t\t\t\t\t<p><strong data-start=\"344\" data-end=\"371\">Pages compl\u00e9mentaires :<\/strong><br data-start=\"371\" data-end=\"374\" \/>\u2013 <a href=\"https:\/\/green-jumangy.com\/index.php\/politique-de-confidentialite\/\">Politique de confidentialit\u00e9<\/a><br data-start=\"408\" data-end=\"411\" \/>\u2013 <a href=\"https:\/\/green-jumangy.com\/index.php\/accessibilite-handicap\/\">Accessibilit\u00e9 &amp; Handicap.<\/a><\/p>\t\t\t\t\t\t\t\t<\/div>\n\t\t\t\t<\/div>\n\t\t\t\t\t<\/div>\n\t\t<\/div>\n\t\t\t\t\t<\/div>\n\t\t<\/section>\n\t\t\t\t<\/div>\n\t\t","protected":false},"excerpt":{"rendered":"<p>Mentions l\u00e9gales Conform\u00e9ment aux dispositions des articles 6-III et 19 de la loi n\u00b02004-575 du 21 juin 2004 pour la [&hellip;]<\/p>\n","protected":false},"author":1,"featured_media":0,"parent":0,"menu_order":0,"comment_status":"closed","ping_status":"closed","template":"","meta":{"site-sidebar-layout":"no-sidebar","site-content-layout":"","ast-site-content-layout":"full-width-container","site-content-style":"default","site-sidebar-style":"default","ast-global-header-display":"","ast-banner-title-visibility":"","ast-main-header-display":"","ast-hfb-above-header-display":"","ast-hfb-below-header-display":"","ast-hfb-mobile-header-display":"","site-post-title":"disabled","ast-breadcrumbs-content":"","ast-featured-img":"disabled","footer-sml-layout":"","ast-disable-related-posts":"","theme-transparent-header-meta":"","adv-header-id-meta":"","stick-header-meta":"","header-above-stick-meta":"","header-main-stick-meta":"","header-below-stick-meta":"","astra-migrate-meta-layouts":"default","ast-page-background-enabled":"default","ast-page-background-meta":{"desktop":{"background-color":"var(--ast-global-color-5)","background-image":"","background-repeat":"repeat","background-position":"center center","background-size":"auto","background-attachment":"scroll","background-type":"","background-media":"","overlay-type":"","overlay-color":"","overlay-opacity":"","overlay-gradient":""},"tablet":{"background-color":"","background-image":"","background-repeat":"repeat","background-position":"center center","background-size":"auto","background-attachment":"scroll","background-type":"","background-media":"","overlay-type":"","overlay-color":"","overlay-opacity":"","overlay-gradient":""},"mobile":{"background-color":"","background-image":"","background-repeat":"repeat","background-position":"center center","background-size":"auto","background-attachment":"scroll","background-type":"","background-media":"","overlay-type":"","overlay-color":"","overlay-opacity":"","overlay-gradient":""}},"ast-content-background-meta":{"desktop":{"background-color":"var(--ast-global-color-4)","background-image":"","background-repeat":"repeat","background-position":"center center","background-size":"auto","background-attachment":"scroll","background-type":"","background-media":"","overlay-type":"","overlay-color":"","overlay-opacity":"","overlay-gradient":""},"tablet":{"background-color":"var(--ast-global-color-4)","background-image":"","background-repeat":"repeat","background-position":"center center","background-size":"auto","background-attachment":"scroll","background-type":"","background-media":"","overlay-type":"","overlay-color":"","overlay-opacity":"","overlay-gradient":""},"mobile":{"background-color":"var(--ast-global-color-4)","background-image":"","background-repeat":"repeat","background-position":"center center","background-size":"auto","background-attachment":"scroll","background-type":"","background-media":"","overlay-type":"","overlay-color":"","overlay-opacity":"","overlay-gradient":""}},"footnotes":""},"class_list":["post-591","page","type-page","status-publish","hentry"],"_links":{"self":[{"href":"https:\/\/green-jumangy.com\/index.php\/wp-json\/wp\/v2\/pages\/591","targetHints":{"allow":["GET"]}}],"collection":[{"href":"https:\/\/green-jumangy.com\/index.php\/wp-json\/wp\/v2\/pages"}],"about":[{"href":"https:\/\/green-jumangy.com\/index.php\/wp-json\/wp\/v2\/types\/page"}],"author":[{"embeddable":true,"href":"https:\/\/green-jumangy.com\/index.php\/wp-json\/wp\/v2\/users\/1"}],"replies":[{"embeddable":true,"href":"https:\/\/green-jumangy.com\/index.php\/wp-json\/wp\/v2\/comments?post=591"}],"version-history":[{"count":20,"href":"https:\/\/green-jumangy.com\/index.php\/wp-json\/wp\/v2\/pages\/591\/revisions"}],"predecessor-version":[{"id":661,"href":"https:\/\/green-jumangy.com\/index.php\/wp-json\/wp\/v2\/pages\/591\/revisions\/661"}],"wp:attachment":[{"href":"https:\/\/green-jumangy.com\/index.php\/wp-json\/wp\/v2\/media?parent=591"}],"curies":[{"name":"wp","href":"https:\/\/api.w.org\/{rel}","templated":true}]}}